. What are the prime factors of z?
2, 5
Let g(f) = 8*f**3 - f**2 - f. Let s be g(2). Suppose 0*c - 2*c + s = 0. Let b = -21 + c. What are the prime factors of b?
2
Let n(q) be the second derivative of -q**4/12 + 5*q**3/6 + q. List the prime factors of n(4).
2
Let k = -9 + -9. Let d = -9 - k. List the prime factors of d.
3
Suppose 2*d + 2*d - 62 = -u, -u - 43 = -3*d. Suppose 4*y - d = 21. List the prime factors of y.
3
Let h(i) be the second derivative of i**4/12 + 2*i**3/3 - 3*i**2 + 2*i. Let m be h(-6). Let o = -3 + m. List the prime factors of o.
3
Suppose 3*v - 14 = -5*b - 97, 4*b + 88 = 3*v. Let l = 47 + b. Let k = l - 8. List the prime factors of k.
2, 5
Let k be ((-12)/(-20))/((-1)/(-5)). Suppose 28 = k*j + j. Let q = j + -1. What are the prime factors of q?
2, 3
Let y = -164 - -304. What are the prime factors of y?
2, 5, 7
Let w(g) = 5*g**2 + 21*g + 12. What are the prime factors of w(-9)?
2, 3, 19
Let x(g) = -8*g - g**2 + 3*g + 1 + 0. What are the prime factors of x(-4)?
5
Let y = -38 + 25. Let w = y - -41. List the prime factors of w.
2, 7
Suppose -3*n - 2*j = -4*n + 2, 0 = -5*n - 5*j + 40. List the prime factors of 47/3 - n/9.
3, 5
Let c(y) = -2 - 1 + 4*y**2 - 4*y**3 + 3*y**3. List the prime factors of c(3).
2, 3
Suppose 3*l + 3*m - 93 - 12 = 0, 5*m + 97 = 3*l. Suppose -4*x = -2 - l. List the prime factors of (-1 - 1) + (x - -2).
3
Let q be (0/3)/(-4 - -2). Suppose 3*h - 5*z - 92 - 55 = 0, 3*h + 3*z - 123 = q. What are the prime factors of h?
2, 11
List the prime factors of (-28)/182 + (-2240)/(-26).
2, 43
Suppose -6*r = -4*i - 2*r + 40, -8 = -4*i - 4*r. Let d = 28 - i. What are the prime factors of d?
2, 11
Suppose h + h - 26 = 0. Let l = h + -9. What are the prime factors of l?
2
List the prime factors of 2/((-6)/93)*-1.
31
Let u = 33 + -15. List the prime factors of u.
2, 3
Suppose 0 = 3*i - 4*n - 0*n - 17, -3*n = -i + 9. Suppose i*d + 40 = h, d - 2*h = h - 8. What are the prime factors of (d/4)/(3/(-6))?
7
Let j(n) = 5 + 3 - 6 + n. Let m be j(0). Suppose 0 = -m*i + 9 + 3. List the prime factors of i.
2, 3
Suppose 0 = 4*d - 25 + 9. Let j(h) = h**3 - 3*h**2 + 5. What are the prime factors of j(d)?
3, 7
Let u = -20 + 9. Let k = u + 26. What are the prime factors of k?
3, 5
Let f = -6 + 11. Suppose -f*t + 38 + 13 = -4*w, -24 = -4*t - w. What are the prime factors of t?
7
Let i(l) = -7*l + 3. What are the prime factors of i(-3)?
2, 3
What are the prime factors of (-1*2)/(1/(-17))?
2, 17
Let x(k) = k**2 + 4*k + 4. Let a be x(-4). Let b be (-50)/15*78/(-5). Suppose 7*v - a*v - h = 51, 4*h = -4*v + b. List the prime factors of v.
2
Let n(w) = 2*w**2 + 1. Let k be n(-1). Suppose -4*v + 5 = -k. Suppose -v*b + 3*b - 14 = 0. What are the prime factors of b?
2, 7
Let w(b) = 3*b**2 + b + 0*b**2 - 2*b**2 + 6 + b**3 + 0. Let n be w(0). Suppose 3*x = 6*x + a - n, a = 5*x - 10. What are the prime factors of x?
2
Let x(c) be the third derivative of -c**6/120 + c**5/10 - c**4/6 + c**3/2 + c**2. List the prime factors of x(4).
19
Suppose 0*f - 36 = -3*f. List the prime factors of f.
2, 3
Let x = 36 + -12. What are the prime factors of x?
2, 3
Let k(s) = -s**3 - s**2 + 9. Suppose -2*j - 6 = 2*h, 6 = -6*h + 3*h - 2*j. List the prime factors of k(h).
3
Let v(g) = 9*g**2 - 6*g + 8. What are the prime factors of v(4)?
2
Let b(k) = k**2 + 7*k - 14. Let x be b(-11). Suppose 3*a - x - 3 = 0. Let g = a - 8. List the prime factors of g.
3
Let t = 7 - 2. Suppose -3*d + 4*d - 4*c - 6 = 0, 3*d = -t*c + 35. What are the prime factors of d?
2, 5
Suppose q = 2*q - j + 3, 0 = -5*q - 3*j + 25. List the prime factors of q.
2
Let v = -3 - -6. Let r(c) = -c**3 - c**2 + v + 6 - c + 2*c. What are the prime factors of r(0)?
3
Suppose -5*s + h - 106 = 0, -2*h + 0*h = -2. Let d = -17 - s. List the prime factors of d.
2
Suppose 96 - 20 = 4*t. What are the prime factors of t?
19
Suppose 0 = 6*x - 3*x - 42. Suppose -y = -5*j + x, 6*j - 3*j + 12 = 4*y. What are the prime factors of y?
2, 3
Suppose -2*o + 1 = 5*p, 4*p - 14 = 5*o - 0*p. Let y = 0 - o. Suppose s - 6 = y. What are the prime factors of s?
2
Let r = 7 - 7. Suppose 5*k - 10 = r, 0*k + 4*k = -l + 34. Suppose 0 = -5*g + m + 35, -5*g + 2*m = -14 - l. What are the prime factors of g?
2, 3
Suppose -3*l + a + 47 = 5*a, -4*l + 5*a = -11. Let z(t) = -2 - 15 + 2*t + 5. List the prime factors of z(l).
2, 3
Let c(d) = 5*d + 15. What are the prime factors of c(6)?
3, 5
Let f be -5*(-2 + 2 + 1). List the prime factors of (-2)/(-5) + (-8)/f.
2
Suppose 0 = 25*l - 28*l + 375. What are the prime factors of l?
5
Let c(k) = k + 3. List the prime factors of c(4).
7
Let m(s) = s**3 + s**2 + s - 4. Let a be m(0). What are the prime factors of (-6)/12 - 54/a?
13
Let q(l) = 3*l + 5*l**2 + l**2 + 4*l**2 - 2*l**2. List the prime factors of q(-2).
2, 13
Let i(f) be the second derivative of -f**5/20 - f**4/4 + 4*f**3/3 + 5*f**2/2 - 11*f. Suppose 3*w + 25 = -2*w. What are the prime factors of i(w)?
3, 5
Let k be ((-3)/4)/((-2)/24). Suppose -5*j - t = -24, -3*j = -5*t + 12 - 4. Suppose 0 = -y - j*f - 4, -2*f + k = 3*y + 3*f. What are the prime factors of y?
2
List the prime factors of (-188)/5*(-10)/4.
2, 47
Let f = 358 + -134. List the prime factors of f.
2, 7
Let v(r) = -2*r**3 + 11*r**2 + 27. Let w(n) = -n**3 + 5*n**2 + 14. Let f(x) = 3*v(x) - 5*w(x). Let q be f(8). Let h = q + -8. List the prime factors of h.
3
Let x be ((-1)/(-2) - 1)*0. Suppose x = s - 4*s - 15, -s + 37 = 3*f. List the prime factors of f.
2, 7
Let w = -16 + 50. Let y = -16 + w. What are the prime factors of y?
2, 3
Suppose y + 1 = 25. Suppose 3*x = -4*n + y, 2*n + 14 = 2*x + 4*n. List the prime factors of x.
2
Suppose 0 = -4*u + 84 + 76. Suppose u = 2*a + 3*a. What are the prime factors of 98/6 + a/12?
17
Suppose 5 = u, 0 = -3*d + 5*u + 5 - 0. Let z = 25 - d. List the prime factors of z.
3, 5
Let o = 13 - 9. Let b(n) = n**3 - 3*n**2 + 4. List the prime factors of b(o).
2, 5
Suppose 0*y + y = -6. What are the prime factors of 55/3 + y/18?
2, 3
Let j be (-1 + 1 + 2)*1. Suppose -j*q + 3*q - 39 = 0. What are the prime factors of q?
3, 13
Let r = -241 - -345. What are the prime factors of r?
2, 13
Suppose -5*o - 267 = -0*v - 3*v, v - 4*o - 89 = 0. List the prime factors of v.
89
Suppose 5*d - 9*d + 36 = 0. What are the prime factors of d?
3
Let v be ((-4)/(-3))/((-2)/(-3)). Suppose -7*f + v*f + 50 = 0. Suppose t - f = -t. List the prime factors of t.
5
Let s(a) = -a**3 + 5*a**2 + 6*a + 3. Let z be ((-12)/15)/((-4)/10). Suppose x + 4*n - z = -8, 5*n = 3*x - 33. List the prime factors of s(x).
3
Suppose -17*d = -15*d + 2. Suppose -2*v - 26 = -4*v. Let x = d + v. List the prime factors of x.
2, 3
Let b be 1/((-3)/6) - 2. List the prime factors of (b/(-6))/(4/30).
5
Let a be -1*(1 + 0)*-3. Suppose 0*z - 10 = -4*z + a*l, -2*z = 3*l + 4. List the prime factors of 5 + (0 - (z - 3)).
7
Suppose -81 = -4*b + 127. List the prime factors of b.
2, 13
Suppose i - 5*i = -5*d + 1, 0 = 3*i + 5*d - 8. Let w(g) = 0*g + 0 + 0 + 2*g + i. List the prime factors of w(3).
7
Let y be 6/9 + 61/3. Suppose 2*k - y = 3*o - 5, -26 = 5*o - 3*k. Let g = 11 + o. What are the prime factors of g?
7
Let r(n) = n**2 + 6*n + 6. Let p be r(-4). List the prime factors of (2 + 6/p)*-3.
3
Let o(j) = j**3 - 3*j**2 - 2*j + 4. Let f be o(4). List the prime factors of f/(3/(-2) + 3).
2
Suppose -216 = -v - 5*t, 0 = v + 2*t - 290 + 83. What are the prime factors of v?
3, 67
Let q(i) = -11*i + 2. List the prime factors of q(-22).
2, 61
What are the prime factors of ((-8)/(-12))/((-1*2)/(-510))?
2, 5, 17
Suppose -5*f = 9*f - 2072. What are the prime factors of f?
2, 37
Let z(a) = -a**3 - 3*a**2 + 4*a + 6. List the prime factors of z(-5).
2, 3
Suppose 2*v = -3*g - 6, -g + 2 - 4 = -5*v. Suppose v*o - o = 0. List the prime factors of 7 - (1 + (o - -1)).
5
Let s(j) = j**3 - 5*j**2 - j + 7. Let m be s(5). Let n be 348/36 + (-4)/6. Let t = n - m. What are the prime factors of t?
7
Let c(x) = x**3 - 5*x**2 - 5*x - 7. Let v be c(6). Let u = 3 + v. What are the prime factors of (-19 + 1)*u/(-3)?
2, 3
Let y(z) = 2*z - 6. Suppose -24 = -2*f - 6. List the prime factors of y(f).
2, 3
Suppose -5*p - 11 = 4*m - 102, 0 = -4*p - 3*m + 73. List the prime factors of p.
19
Let h(w) = -3*w - 2. Let c be h(-4). Suppose o = -5*i - c, -o - 2*i - 48 